8?
6
Calculate the remainder when 4030517 is divided by 447825.
92
What is the remainder when 5945193 is divided by 7864?
9
What is the remainder when 3683299 is divided by 42?
25
Calculate the remainder when 198646 is divided by 3964.
446
What is the remainder when 3885195 is divided by 1295057?
24
Calculate the remainder when 3776973 is divided by 52.
5
What is the remainder when 1330376 is divided by 34?
24
Calculate the remainder when 20061158 is divided by 351950.
8
What is the remainder when 82521 is divided by 158?
45
What is the remainder when 400008 is divided by 301?
280
What is the remainder when 6667268 is divided by 75?
68
What is the remainder when 1475660 is divided by 1089?
65
Calculate the remainder when 1547174 is divided by 5916.
3098
What is the remainder when 858206 is divided by 142917?
704
Calculate the remainder when 188807 is divided by 784.
647
What is the remainder when 4306329 is divided by 4306197?
132
Calculate the remainder when 278210 is divided by 92734.
8
What is the remainder when 3651197 is divided by 118?
41
What is the remainder when 34181952 is divided by 654?
642
What is the remainder when 413453 is divided by 51676?
45
What is the remainder when 616121 is divided by 3146?
2651
Calculate the remainder when 5342798 is divided by 760.
758
What is the remainder when 2361496 is divided by 590368?
24
Calculate the remainder when 15588 is divided by 14648.
940
What is the remainder when 1509582 is divided by 1509562?
20
Calculate the remainder when 121812652 is divided by 37138.
12
What is the remainder when 732161 is divided by 365958?
245
What is the remainder when 22293596 is divided by 1039?
812
Calculate the remainder when 1070711013 is divided by 2643.
2640
What is the remainder when 100307 is divided by 26?
25
Calculate the remainder when 374224 is divided by 277.
274
What is the remainder when 67024109 is divided by 110?
9
Calculate the remainder when 859230948 is divided by 219.
216
Calculate the remainder when 75262267 is divided by 55.
47
Calculate the remainder when 3300777 is divided by 1650383.
11
What is the remainder when 49360 is divided by 7964?
1576
Calculate the remainder when 2398615 is divided by 1644.
19
Calculate the remainder when 12317195 is divided by 973.
961
Calculate the remainder when 23777 is divided by 5660.
1137
Calculate the remainder when 53989662 is divided by 378.
300
What is the remainder when 9821087 is divided by 2103?
77
Calculate the remainder when 27696 is divided by 1022.
102
Calculate the remainder when 2509730 is divided by 321.
152
What is the remainder when 787916 is divided by 4804?
60
Calculate the remainder when 150806 is divided by 21427.
817
What is the remainder when 146067597 is divided by 4526?
4525
What is the remainder when 28838751 is divided by 343?
340
Calculate the remainder when 1314980 is divided by 234.
134
Calculate the remainder when 449691112 is divided by 6054.
6046
Calculate the remainder when 3587383 is divided by 597889.
49
What is the remainder when 1271369976 is divided by 11?
8
Calculate the remainder when 195596 is divided by 195003.
593
Calculate the remainder when 2536207 is divided by 120762.
205
Calculate the remainder when 42760 is divided by 577.
62
Calculate the remainder when 2297365 is divided by 205.
135
Calculate the remainder when 369874 is divided by 569.
24
Calculate the remainder when 5545122 is divided by 5544719.
403
What is the remainder when 151446 is divided by 37725?
546
What is the remainder when 135241 is divided by 181?
34
What is the remainder when 395029 is divided by 3947?
329
Calculate the remainder when 352746 is divided by 1870.
1186
Calculate the remainder when 9465291 is divided by 31.
30
What is the remainder when 174422 is divided by 28?
10
Calculate the remainder when 2305779 is divided by 144110.
19
What is the remainder when 181506 is divided by 60440?
186
Calculate the remainder when 11041776 is divided by 2208355.
1
Calculate the remainder when 63718372 is divided by 345.
322
Calculate the remainder when 1263913 is divided by 77.
35
What is the remainder when 107825 is divided by 35490?
1355
Calculate the remainder when 33851 is divided by 118.
103
What is the remainder when 7861785 is divided by 479?
437
What is the remainder when 207613 is divided by 1105?
978
What is the remainder when 321575506 is divided by 324?
322
Calculate the remainder when 8207825 is divided by 1193.
1178
What is the remainder when 359036 is divided by 17914?
756
Calculate the remainder when 2380590 is divided by 184.
182
Calculate the remainder when 343944 is divided by 84992.
3976
Calculate the remainder when 358430048 is divided by 9190514.
2
Calculate the remainder when 1452542 is divided by 45.
32
What is the remainder when 30047 is divided by 2847?
1577
What is the remainder when 12227081 is divided by 186?
185
What is the remainder when 8429275 is divided by 9054?
1
Calculate the remainder when 25623694 is divided by 1587.
1579
Calculate the remainder when 42771 is divided by 2483.
560
Calculate the remainder when 7889506 is divided by 27.
25
What is the remainder when 970671 is divided by 573?
9
What is the remainder when 1725653 is divided by 862807?
39
Calculate the remainder when 1181424595 is divided by 4411.
4410
What is the remainder when 444379 is divided by 8079?
34
Calculate the remainder when 85369 is divided by 2711.
1328
Calculate the remainder when 3663690 is divided by 99017.
61
What is the remainder when 20110277 is divided by 72?
29
What is the remainder when 16052826 is divided by 19?
11
Calculate the remainder when 1499677 is divided by 140.
137
What is the remainder when 5248708 is divided by 10?
8
What is the remainder when 392490 is divided by 43536?
666
Calculate the remainder when 68570930 is divided by 9795839.
57
Calculate the remainder when 12246 is divided by 135.
96
Calculate the remainder when 516725 is divided by 334.
27
Calculate the remainder when 61088735 is divided by 368.
367
What is the remainder when 670075 is divided by 84?
7
What is the remainder when 1031786 is divided by 2?
0
What is the remainder when 36537118 is divided by 59?
11
Calculate the remainder when 978374 is divided by 2983.
2933
Calculate the remainder when 4985538 is divided by 6973.
6816
What is the remainder when 2288077 is divided by 856?
845
Calculate the remainder when 9916 is divided by 4821.
274
What is the remainder when 26169751 is divided by 67622?
37
Calculate the remainder when 3146069 is divided by 45595.
14
What is the remainder when 8382 is divided by 1442?
1172
What is the remainder when 1454362 is divided by 1454033?
329
What is the remainder when 164280262 is divided by 5?
2
What is the remainder when 246721 is divided by 14?
13
Calculate the remainder when 626686 is divided by 1381.
1093
Calculate the remainder when 8776369 is divided by 32.
17
Calculate the remainder when 2568873 is divided by 830.
23
What is the remainder when 2183619 is divided by 571?
115
What is the remainder when 802151 is divided by 14584?
31
What is the remainder when 953063 is divided by 31?
30
Calculate the remainder when 3697034 is divided by 65.
29
Calculate the remainder when 36080583 is divided by 2122387.
4
What is the remainder when 300537529 is divided by 5949?
5947
What is the remainder when 3212600 is divided by 85?
25
Calculate the remainder when 2767283 is divided by 35.
8
What is the remainder when 788319 is divided by 166?
151
What is the remainder when 1843858 is divided by 921923?
12
Calculate the remainder when 3517383 is divided by 4715.
4708
What is the remainder when 21286 is divided by 7039?
169
What is the remainder when 347000 is divided by 1190?
710
Calculate the remainder when 1002274 is divided by 1001331.
943
What is the remainder when 2504032 is divided by 84?
76
What is the remainder when 200442 is divided by 1175?
692
Calculate the remainder when 139421 is divided by 95.
56
What is the remainder when 735488 is divided by 45966?
32
What is the remainder when 553465182 is divided by 329?
326
What is the remainder when 75331938 is divided by 86?
66
Calculate the remainder when 3649048 is divided by 511.
508
What is the remainder when 26292411 is divided by 22?
13
What is the remaind